digit of l?
7
Let d(m) = -18*m - 24. Let g be d(-2). Suppose 531 = g*n - 657. What is the tens digit of n?
9
Suppose -c = -4, -25*c = -4*t - 22*c - 252. Let z be 121 + 0/(2 - 1). Let l = t + z. What is the units digit of l?
1
Suppose -2*s - 4*o = 3*s - 1844, -s = -2*o - 380. Let n = s + -155. What is the units digit of n?
7
Let d = 17580 - -13645. What is the tens digit of d?
2
Let n(u) = -u**2 - 16*u - 59. Let t be n(-9). What is the units digit of (40/6)/(t/1116*6)?
0
Let k(l) = 379*l + 2272. What is the ten thousands digit of k(59)?
2
Suppose -3*h - 11*p + 7*p + 1454 = 0, -2*h = -4*p - 996. Suppose 3*u + 787 = -2*r, -4*u - 522 - 504 = -2*r. Let c = u + h. What is the hundreds digit of c?
2
Let t(u) = -5*u - 98. Let m = 177 - 210. What is the units digit of t(m)?
7
Suppose -5*z + 33 = -2*z. Suppose -z = -3*c + 2*u, -5*c - 6*u + u = -60. Suppose 9*o - c*o = 232. What is the hundreds digit of o?
1
Let x = 97 - 101. What is the tens digit of -4 - (-490 - (5 + x))?
8
Let y = 85760 - 5808. What is the hundreds digit of y?
9
Let b(q) = -q**3 - 7*q**2 - 6*q - 30. Let s be b(-7). Suppose 0 = -s*k - 523 + 1723. What is the tens digit of k?
0
Suppose 4*g + 3*h + 5 = 6*g, 8 = 3*g - 4*h. Suppose a = g*r + 654, 2*r = -4*a - 2*r + 2696. What is the hundreds digit of a?
6
Let c = 1194 - -1060. Suppose 346 - c = -3*x. What is the hundreds digit of x?
6
Let j = 28 - 26. Let q be (1 + 3)/j + 2. Suppose 531 = 5*b - q*n, b + n - 111 = -3*n. What is the hundreds digit of b?
1
Let m be 15 + (-7 - -2) - 3. Let g = m - 8. What is the hundreds digit of ((-5)/(g/(-1)))/((-5)/205)?
2
Let t = 20230 + -9671. What is the ten thousands digit of t?
1
Let t(u) be the first derivative of -u**3/3 + 19*u**2/2 + 23*u - 33. Let f be t(19). Suppose -f*m + 78 = -21*m. What is the tens digit of m?
3
Let q(j) = -1353*j - 903. What is the tens digit of q(-11)?
8
Let a(t) = 28*t**2 - 21*t + 1 + 32*t**2 - t + 9*t. What is the tens digit of a(-2)?
6
Let l(t) = 3*t**3 - 12*t**2 + 3*t - 5. What is the tens digit of l(14)?
1
What is the hundreds digit of 3058608/54 + (-77)/(-693)?
6
Let f be 7 - ((-6)/4 + 15/(-30)). What is the tens digit of (-3)/f*0 - -649?
4
Suppose -k = -4*g - 3798 - 6636, 0 = -4*k + 4*g + 41700. What is the thousands digit of k?
0
Let a be ((-1)/5)/((-7)/105). Suppose -a*l - 1000 = -8*l. What is the units digit of l?
0
Let q = 171414 - 99476. What is the tens digit of q?
3
Suppose h = 1, 5*x - x = -2*h - 186. Let g = x - -44. What is the units digit of (1 + -18)/(-1) + 1 + g?
5
Suppose -73 = -2*c - 59. Suppose c*v - 24 = -v. Suppose 0 = 2*l - v*u - 446 + 76, 4*l = -u + 754. What is the hundreds digit of l?
1
Let g = 88 - 89. What is the units digit of (((-62)/(-5))/g)/((-9)/90)?
4
Let i(s) = 16*s**2 - 41*s - 566. What is the thousands digit of i(-17)?
4
Let g = -317 - -1999. Let x = g - 670. What is the hundreds digit of x?
0
Suppose -9*u = -5*u - 2*p - 2, p - 3 = 0. Suppose -5*a + 1913 = u*l, -2853 = -3*l + 12*a - 14*a. What is the units digit of l?
9
Let z be (0 - (-816)/(-40))/(2/(-120)). Suppose 5*o + q = -2*q + z, 249 = o + 2*q. What is the hundreds digit of o?
2
Let b(y) = -6*y**2 - 580*y + 156. What is the units digit of b(-64)?
0
Let g = -8304 - -10195. What is the hundreds digit of g?
8
Let m = -64137 - -90632. What is the tens digit of m?
9
What is the units digit of (26626 - 43) + 104/(-8)?
0
Let q = 1362 - 900. Let u = 222 + q. What is the tens digit of u?
8
Suppose -12*k + 61450 = -4822 - 12004. What is the tens digit of k?
2
Let l(a) be the second derivative of -24*a + 5/3*a**4 + 0*a**3 - 1/2*a**2 + 0. What is the tens digit of l(2)?
7
Let g(x) = 61*x + 1068. What is the thousands digit of g(46)?
3
Suppose -88*w + 84*w = 0. Suppose 2*q = 5*b - 3846, w = 5*b - 2*q + 7*q - 3825. What is the units digit of b?
8
Suppose -385 = 8*b - 1585. Let a be 2 + b - ((-12)/(-2) + -3). Let u = -74 + a. What is the units digit of u?
5
Let p(v) = 0*v**2 + 100 + 6*v**2 + 15*v + 3*v + 0*v + 14*v. What is the tens digit of p(-14)?
2
Let y(d) = 117*d**2 + 29*d + 29. Let j be y(-1). Let s = 212 - j. What is the tens digit of s?
9
Let f be (-124)/31 + ((-414)/3)/(-1). Suppose 598 = 3*x - f. What is the tens digit of x?
4
What is the units digit of ((-7214)/(-3))/((-206)/(-2163))*1?
9
Let t(u) = -43*u - 11. Let l(v) = 41*v + 12. Let f(a) = -3*l(a) - 2*t(a). What is the units digit of f(-3)?
7
Suppose -8211 = -j - 1411. What is the hundreds digit of j?
8
What is the units digit of 20510 + (4/(-16)*22 - (-18)/(-12))?
3
What is the hundreds digit of (24/14 - 2)/(-2) - 66275/(-7)?
4
Suppose 0 = 672*x - 701*x + 288463. What is the tens digit of x?
4
Let k = 38 + -54. Let x(v) = 5*v + 27. Let c(f) = 11*f + 48. Let a(z) = 2*c(z) - 5*x(z). What is the units digit of a(k)?
9
Suppose 14622 - 2974 = 7*c. Let u = c + -852. What is the tens digit of u?
1
Suppose -20*m - 40799 = -31*m. What is the units digit of m?
9
Let o(l) = -5*l**2 + 38*l - 30. Let a(h) = -15*h**2 + 113*h - 91. Let i(b) = -6*a(b) + 17*o(b). What is the tens digit of i(15)?
8
Let h(x) = 16 - 1 + 0 - 3*x + 27. Let n be h(14). Suppose 5*t + 9 = -2*u + 168, n = -3*u + 6. What is the tens digit of t?
3
Let n = 131 - 127. Suppose -n*c = -4*f - 756, 2*f - 966 = -3*c - 2*c. Suppose -10*q - 2*q = -c. What is the tens digit of q?
1
Let s(t) = 3*t**2 - 121*t + 68. What is the hundreds digit of s(-36)?
3
Suppose -4*c - 3*v = c - 1119, 4*v = -8. Suppose -5*p - 4*w + 466 = 0, -14*w + 374 = 4*p - 11*w. Let h = c - p. What is the units digit of h?
7
Let k be (2 - -1) + -2 + 0 + 2. Let j be k/9 - (-4)/(-12). Suppose 2*u - 4*o - 174 = 0, 2*u - 192 = -j*o - 5*o. What is the tens digit of u?
9
Suppose -v - 3*v - 24 = -4*c, -13 = -3*c - 2*v. Suppose c*i = 2*o + 1439, 2*o = -3*i - 2*o + 879. What is the tens digit of i?
8
Suppose 4*a = 0, -4*u - 5*a = 51172 - 283108. What is the tens digit of u?
8
Let d = -371 - -379. Suppose 71 = -d*g + 439. What is the tens digit of g?
4
Let n be (-262 + (11 - 20))/((-2)/(-4)). Let y = n + 1262. What is the hundreds digit of y?
7
Suppose -17*x + 21*x = 44. Suppose x*b - 293 = -18. What is the tens digit of b?
2
Let u be (-8)/(144/(-30))*3. Suppose u*p - 470 = -5*j, 3*p = -6 + 15. What is the tens digit of j?
9
Let f(t) = 188*t**2 - 58*t + 341. What is the hundreds digit of f(5)?
7
Suppose 0 = -4*c - 5*b + 10 + 3, -b + 9 = 4*c. Let x be -5*c/20*6. What is the units digit of (-1)/(x/54) + -3?
5
Let x be 228/16 - ((-21)/12)/(-7). Let r be (-6)/x - 2/((-14)/3). Let m(h) = -2*h**2 + 3*h + 181. What is the units digit of m(r)?
1
Let v(f) = -2263*f**2 + 4. Let q be v(1). Suppose -2*z = -9 - 3. What is the tens digit of q/z*8/(-12)?
5
Let s = 8561 + -8663. Let o = -284 - -439. Let k = s + o. What is the units digit of k?
3
Let r(t) = -t**2 - 7*t - 25 - 27 + 69. Let p be r(-10). Let g = 64 + p. What is the units digit of g?
1
Suppose 4*v - 23 = 3*o, -v + 5*v - 25 = 5*o. Suppose -25 = v*d, 0 = m + d - 51 - 80. What is the units digit of m?
6
Let v = -10095 - -13013. What is the hundreds digit of v?
9
Let w(j) = -j**2 + 10*j + 45. Let l be w(13). Let t(p) = 20*p + 42. Let h(b) = 19*b + 42. Let i(v) = l*t(v) - 7*h(v). What is the tens digit of i(-17)?
7
Suppose 5*c - 3*y - 48 = 0, -2*y - 15 - 23 = -4*c. Suppose c*j - 6473 = -1361. What is the hundreds digit of j?
5
Suppose -199*x = -134*x - 1607255. What is the hundreds digit of x?
7
Let a(c) = -c**3 - 36*c**2 - 150*c + 179. What is the units digit of a(-31)?
4
Let r be (-330)/(-374) - (-4)/34. What is the tens digit of (15713/(-57))/(r/(-3))?
2
Suppose 0 = o - 5*a + 3*a - 9, -4*o + 16 = -3*a. Let q be (-4)/(4*(o - 9/6)). Suppose 2*i - 6 - 96 = -3*p, 3*i = -q*p + 68. What is the tens digit of p?
3
Suppose -96*x + 93*x + 85061 = -z, -x + 28349 = 2*z. What is the units digit of x?
3
Let x = 37 - 33. Suppose -20*d - x = -22*d. What is the units digit of d?
2
What is the ten thousands digit of 3 + ((-86306)/55)/(1/(-10))?
1
What is the thousands digit of (-12)/(-15) - ((-28443)/15 + -13)?
1
Suppose -35 = -76*l + 69*l. Suppose -l*w + 3*t = -962, 0 = 3*w - 0*w - 4*t - 575. What is the hundreds digit of w?
1
Let g = 10393 - 3922. What is the tens digit of g?
7
Let w(p) = 14*p**2 - 27*p - 27. What is the hundreds digit of w(-37)?
1
Let m(q) = -7*q + 5. Let j = 33 - 6. Let s